tors of u?
5
Suppose 0 = -0*x + 3*x. Suppose -g - 3*g + 2*s - 32 = x, 5*g + 40 = -3*s. List the prime factors of g - -26 - (1 + -3).
2, 5
Suppose 0*q - 36 = -q. Suppose 2*a - q = -4*l, 0 = -5*l + 5*a - 2*a + 34. What are the prime factors of l?
2
Suppose 3*p = -z + 17, -4*z + 3*p = p + 2. Suppose 17 = 3*s + z. List the prime factors of s.
5
Let a be (-64)/(-20)*10/4. What are the prime factors of a/20 - (-48)/5?
2, 5
Let y(d) = 8*d - 2. Let u be y(8). Suppose -2*m + 21 = l, -5*l + m = -3*l - u. What are the prime factors of l?
29
Suppose -5*v + 27 = 4*b, v = -5*b + 6*v. Suppose 2 = j - b. Suppose 30 = j*a - l - l, -5*a = 4*l - 60. What are the prime factors of a?
2
Let f be 6/(-7)*(-30 + 2). Suppose -b + 3*b = f. What are the prime factors of b?
2, 3
Let y(r) = -r**3 - 5*r**2 - 4*r - 5. Let g be y(-4). Suppose 78 - 9 = 3*z + 3*q, 0 = q - 1. Let s = z + g. What are the prime factors of s?
17
Let t(d) = -9*d + 58. List the prime factors of t(-13).
5, 7
Suppose 4*p + 378 = 2*r - p, -3*p = 0. List the prime factors of r.
3, 7
Suppose 3*z + 4 = -2. List the prime factors of 0 + (z - 1) + 37.
2, 17
Suppose 5*i + 2*m = 694, 548 = 4*i + 3*m - 5*m. List the prime factors of i.
2, 3, 23
Let a = -57 - -94. Let j = a + 3. List the prime factors of j.
2, 5
Suppose o - 4*o + 330 = 0. What are the prime factors of o?
2, 5, 11
Suppose -2*i = 3*i - 115. Let q = -9 + i. What are the prime factors of q?
2, 7
Let g = 169 - 95. List the prime factors of g.
2, 37
Let i(u) = u - 1. Let k = 13 - 5. Let v be i(k). Suppose 0 = -5*f + 8 + v. What are the prime factors of f?
3
Suppose -21 = -a + 4*a. Let t = 1 - a. List the prime factors of t.
2
Let t(i) = -2*i**2 - 2*i + 2 + 4 + 3*i**2. List the prime factors of t(-5).
41
Let r(y) = -y. Let o be r(-5). Suppose c + 14 = 5*z + 2, 4*c + 23 = -o*z. Let n(l) = -2*l + 8. List the prime factors of n(c).
2, 11
What are the prime factors of (-1)/3 - 3/18*-26?
2
Suppose -4*q + 3*q = 0. Let d(x) = -x**3 - x + 39. List the prime factors of d(q).
3, 13
What are the prime factors of -520*(6/(-12))/1?
2, 5, 13
Let o(d) = d**2 + 2*d - 2. Let j be o(-3). Suppose -f - j = -2*f. List the prime factors of 5 + (2 + -4)/f.
3
Let w(d) = d**3 + 8*d**2 + 4*d - 9. Suppose -2*b + b = 3*t + 1, b + 5*t + 5 = 0. Suppose b*j + 21 = 2*j. What are the prime factors of w(j)?
2, 3
Let i(k) = 2*k - 2 - 6*k + 6 - k**2. List the prime factors of i(-3).
7
Suppose 3*h - 78 + 6 = 0. Suppose -20 = -2*q - 3*q, -2*b = -5*q + h. List the prime factors of b - (-7 + (-2 - -2)).
5
List the prime factors of (-1)/2*62*-2.
2, 31
Let f(i) = -i**3 + 3*i**2 + 3*i. Let z be f(-3). Suppose 8*d = 3*d + z. List the prime factors of d.
3
Let b = -12 + 14. Suppose -5*n + 5*w + 43 = -97, 3*w = -b*n + 51. What are the prime factors of n?
3
Let i(b) = -b**3 + 5*b**2 + 8*b - 6. What are the prime factors of i(5)?
2, 17
Let n(g) = 3*g - 1. Let y be n(2). Suppose -y*w - 35 = 5*o, -8 = 5*o + 4*w + 22. What are the prime factors of (-2)/o - (-2)/1?
3
Let y(f) = -f**3 - 6*f**2 + 3*f - 12. What are the prime factors of y(-7)?
2
Suppose -n + 0*n + 15 = 0. Suppose u = -4*u - n. What are the prime factors of (-1)/3 - 19/u?
2, 3
Let n be 0 - 8/(24/(-315)). Let u = -71 + n. List the prime factors of u.
2, 17
Suppose 0 = -4*u + 4*n - 20, -5*u - 3*n - 2*n = 65. Let v be (-50)/(-2) + (0 - -1). Let d = u + v. List the prime factors of d.
17
Let l(p) = p**2 - 12*p + 6. Let d be l(5). Let r = -3 - d. List the prime factors of r.
2, 13
Suppose 4*l + 4 = 4*q, 18 = 3*l + 5*q - q. Suppose l*t - 2 = t. List the prime factors of t.
2
Suppose -4*k = -3*k - 4. Suppose 0 = -3*c + c - q + 80, c - k*q = 58. List the prime factors of c.
2, 3, 7
Suppose 4*r - r = 738. What are the prime factors of r?
2, 3, 41
Let j be 2/(-3)*18/(-4). Suppose 15 = 3*p, -j*m - 3*p = 2*m - 5. Let r(i) = i**2 - 4*i - 3. What are the prime factors of r(m)?
3
Suppose -5*j + 2*h - 3*h = -137, -5*h - 15 = 0. What are the prime factors of j?
2, 7
Let b = -58 - -112. Suppose 3*t - t = b. List the prime factors of t.
3
Suppose -4*i - 3*f + f + 32 = 0, 5*f = i + 3. List the prime factors of i.
7
Suppose 14 = -4*z - 2. Let p(i) = i**2 + i + 3. What are the prime factors of p(z)?
3, 5
Suppose -9*k = -6*k - 21. What are the prime factors of k?
7
Let h be 2/7 + 1998/63. Let k = 54 - h. List the prime factors of k.
2, 11
Suppose h + 0*h = 0. Let s(q) be the second derivative of q**4/12 - q**3/6 + 21*q**2/2 - 3*q. What are the prime factors of s(h)?
3, 7
Suppose 0 = a + 3*a - 348. Let s = 61 - a. Let q = s - -38. List the prime factors of q.
2, 3
Let w be (-141)/5 - (-4)/20. Let c = -19 - w. List the prime factors of c.
3
Suppose 7*m = 5*m. Suppose -s - s = -y + 54, m = 3*y + 2*s - 146. What are the prime factors of y?
2, 5
What are the prime factors of -2*2/(-6) + (-6094)/(-66)?
3, 31
Suppose 4*n - 9 = 7. Suppose n*k = -0*k. Suppose k = a + 4 - 10. What are the prime factors of a?
2, 3
Let x = 711 + -413. List the prime factors of x.
2, 149
Suppose 6 = 2*c - 4*r, -3*c = -5*r - 5 - 3. What are the prime factors of 1 - (-2 + 2 - c)?
2
Let b = -58 - -82. Suppose 4*v + 8 = -0*v. List the prime factors of (v/(-6))/(2/b).
2
Let y be (-1)/(-1)*(-1 - -5). Let b = 3 + y. What are the prime factors of b?
7
Let k = -7 - -28. Suppose 2*j = 2*r + 2*r + 32, -k = -j + 3*r. List the prime factors of j.
2, 3
Let g = 7 - 5. Let j = 5 - g. Suppose 3*l = 3*w - w + 21, 0 = -j*l - w + 12. List the prime factors of l.
5
Suppose z = 3*n - 348 - 170, 3*z + 178 = n. What are the prime factors of n?
2, 43
Let u(f) = f**3 + 5*f**2 + 3*f + 2. Let y be u(-5). Let c = -8 - y. Suppose m - c = 1. What are the prime factors of m?
2, 3
Let f(m) = -m**2 + 12*m - 7. What are the prime factors of f(7)?
2, 7
Let f(g) = -g**3 + g**2 + 20. Suppose -3*m = -5*d - 26, 5*d - 5*m = -3*m - 29. Let o = d - -7. List the prime factors of f(o).
2, 5
Let o(w) be the first derivative of w**4/4 + 4*w**3/3 - 5*w**2/2 + 2*w + 2. Let f be o(-5). Suppose 2*q = 14 + f. What are the prime factors of q?
2
Suppose b + 4*m - 43 + 16 = 0, 4*b + 2*m - 52 = 0. Let v = 15 - b. Suppose -5*z = v*u - 88, -3*z + u = -0*u - 63. What are the prime factors of z?
2, 5
Let c = 5 + -7. Let r be ((-8)/c)/(2/(-3)). List the prime factors of 6*(-3)/r*2.
2, 3
Let n(x) = x**2 - 4*x + 2. Let g be n(5). Let c be (g - 0) + (-16)/8. Suppose 35 - 10 = c*h. What are the prime factors of h?
5
Let c(f) = f**2 - 2*f + 1. Suppose -5*y + 2*q + 2 = 0, -5*y - 10 = -2*q - 3*q. Suppose -t + 27 = 5*z + 3*t, -y*z + 5*t = 9. List the prime factors of c(z).
2
Let o be (-16)/(-6) - 10/15. Suppose 5*g = -r - o*r + 274, 2*r - 190 = 4*g. List the prime factors of r/7 + 6/(-21).
13
Let p(d) = d**2 + 5*d - 18. Let f be p(-9). What are the prime factors of -30*(f/(-15))/3?
2, 3
Let d(o) = 3*o**3 - 4*o - 2*o**3 + 0*o**3 - 2 + 3*o**2. Let z be 2/4 + 14/(-4). List the prime factors of d(z).
2, 5
Let x(z) = -2*z. Let i be x(1). Let f be 8/(-4) - (-5 - i). List the prime factors of (12/(-14))/(f/(-14)).
2, 3
Let j(d) = 7*d + d**2 + 2*d - 7*d. Let k be j(-3). Suppose 24 = 2*p - 4*w - 12, 0 = 4*p + k*w - 39. What are the prime factors of p?
2, 3
Suppose -1 = 5*v - 21. Suppose v*y + 60 = 3*a + a, -5*y = 3*a - 45. List the prime factors of a.
3, 5
Let h(o) = o**3 + 8*o**2 + 8*o + 7. Let l be h(-7). Suppose 5*g = 5*n - l*n + 5, g = -4*n + 16. List the prime factors of n.
3
Suppose j + 8 = 17. Let f = -5 + j. Suppose 0 = -f*b + k - 16 + 56, -2*k = b - 1. What are the prime factors of b?
3
Let b(i) = i - 4. Let o be (-1)/((6/(-33))/(-2)). Let z(u) = -u**3 - 11*u**2 - 2*u - 16. Let y be z(o). List the prime factors of b(y).
2
Suppose 0*u - 10 = -5*u. Suppose 0 = u*n + 4, 2*b = -n + 25 - 3. Suppose -5*s + b = a, -4*s + 5*s + 8 = 5*a. What are the prime factors of s?
2
Suppose -34 - 12 = v. Let p = 66 + v. What are the prime factors of p?
2, 5
Suppose -5*q + 3*q + 176 = 0. What are the prime factors of q?
2, 11
Suppose -12 = -2*o - h, o + 6 = -5*h + 3. Suppose 10 = -5*t - 5. Let p = t + o. What are the prime factors of p?
2
Let y be (-70)/(-8) + 1/4. Let u = 17 - y. List the prime factors of u.
2
What are the prime factors of 170 + (-2 - (3 - 2))?
167
Let x = -19 + 39. Suppose x = 3*d + d. List the prime factors of d.
5
Let f be (-1)/(3/(-9)) + 2. Suppose f*w -